n factor of 88 and 11264?
88
Calculate the highest common factor of 70590 and 65.
65
What is the highest common divisor of 336 and 60?
12
Calculate the greatest common divisor of 240 and 112.
16
Calculate the highest common divisor of 613 and 1.
1
Calculate the greatest common factor of 15 and 111.
3
Calculate the greatest common divisor of 1946 and 13066.
278
What is the highest common factor of 570 and 150?
30
Calculate the greatest common divisor of 86 and 559.
43
Calculate the greatest common divisor of 5978 and 61.
61
What is the greatest common factor of 18017 and 43?
43
What is the highest common factor of 7 and 27195?
7
Calculate the greatest common divisor of 24 and 1696.
8
What is the highest common divisor of 1350 and 90?
90
What is the highest common divisor of 61009 and 361?
361
Calculate the highest common divisor of 22624 and 64.
32
Calculate the highest common divisor of 21168 and 567.
189
Calculate the greatest common divisor of 15 and 415.
5
What is the greatest common factor of 132 and 1?
1
Calculate the greatest common factor of 2457 and 1134.
189
What is the highest common factor of 56 and 808?
8
Calculate the greatest common factor of 2900 and 100.
100
Calculate the greatest common divisor of 252 and 3402.
126
What is the greatest common divisor of 162 and 1890?
54
What is the greatest common factor of 310 and 868?
62
Calculate the highest common divisor of 100 and 725.
25
Calculate the greatest common factor of 2 and 97.
1
Calculate the highest common divisor of 9 and 19683.
9
What is the greatest common factor of 130 and 169?
13
Calculate the highest common divisor of 61 and 122.
61
Calculate the greatest common factor of 1677 and 26.
13
Calculate the highest common divisor of 1362 and 192.
6
Calculate the greatest common factor of 8 and 728.
8
Calculate the highest common divisor of 7 and 515.
1
Calculate the highest common divisor of 43 and 2752.
43
What is the greatest common divisor of 195 and 663?
39
Calculate the greatest common divisor of 1700 and 25.
25
What is the highest common factor of 216 and 224?
8
Calculate the greatest common divisor of 1589 and 908.
227
Calculate the highest common divisor of 336 and 192.
48
What is the highest common factor of 2139 and 93?
93
What is the highest common divisor of 69 and 2208?
69
What is the highest common divisor of 76 and 4294?
38
Calculate the greatest common factor of 172 and 100964.
172
What is the highest common factor of 451 and 11?
11
Calculate the highest common factor of 3690 and 390.
30
What is the greatest common factor of 205 and 287?
41
Calculate the greatest common factor of 96 and 18.
6
Calculate the greatest common divisor of 235 and 46295.
235
Calculate the greatest common factor of 62 and 682.
62
Calculate the highest common divisor of 138 and 1334.
46
What is the greatest common factor of 6318 and 126?
18
Calculate the greatest common factor of 60 and 75.
15
What is the greatest common factor of 323 and 697?
17
What is the greatest common factor of 1092 and 1001?
91
Calculate the greatest common factor of 39093 and 249.
249
Calculate the highest common divisor of 60 and 975.
15
What is the greatest common divisor of 5748 and 12?
12
What is the greatest common divisor of 560 and 2100?
140
Calculate the greatest common divisor of 45 and 18.
9
Calculate the highest common factor of 20755 and 35.
35
What is the highest common divisor of 792 and 440?
88
Calculate the greatest common divisor of 84 and 5348.
28
Calculate the greatest common divisor of 3296 and 352.
32
What is the highest common factor of 6 and 3858?
6
What is the greatest common factor of 45 and 1935?
45
What is the highest common factor of 4704 and 21?
21
Calculate the highest common factor of 20 and 64630.
10
Calculate the highest common factor of 192 and 876.
12
Calculate the highest common divisor of 72 and 198.
18
Calculate the highest common divisor of 28 and 784.
28
What is the highest common factor of 429 and 33?
33
What is the highest common divisor of 5553 and 18?
9
What is the greatest common divisor of 18 and 52?
2
What is the greatest common divisor of 23 and 4?
1
What is the greatest common factor of 3590 and 10?
10
Calculate the highest common factor of 6685 and 70.
35
Calculate the highest common divisor of 1204 and 2752.
172
Calculate the greatest common factor of 4838 and 118.
118
Calculate the greatest common factor of 142 and 994.
142
What is the greatest common factor of 134 and 1675?
67
Calculate the greatest common factor of 30 and 28.
2
What is the greatest common factor of 819 and 63?
63
Calculate the greatest common factor of 220 and 2970.
110
What is the greatest common divisor of 561 and 2409?
33
What is the highest common factor of 102 and 34?
34
Calculate the greatest common factor of 180 and 135.
45
What is the greatest common factor of 986 and 928?
58
What is the greatest common divisor of 44 and 704?
44
What is the highest common divisor of 60 and 1320?
60
Calculate the greatest common divisor of 108 and 189.
27
Calculate the greatest common divisor of 973 and 14.
7
What is the highest common divisor of 2799 and 99?
9
What is the highest common divisor of 8 and 24?
8
Calculate the highest common factor of 64 and 22976.
64
What is the greatest common factor of 186 and 651?
93
What is the greatest common factor of 2 and 2988?
2
Calculate the greatest common divisor of 6831 and 27.
27
Calculate the greatest common factor of 46 and 391.
23
What is the greatest common divisor of 70 and 150?
10
Calculate the greatest common factor of 399 and 57.
57
What is the greatest common factor of 374 and 22?
22
What is the highest common divisor of 180 and 252?
36
Calculate the highest common factor of 100 and 125.
25
What is the greatest common factor of 74 and 40256?
74
Calculate the greatest common factor of 392 and 1736.
56
What is the highest common divisor of 348 and 2328?
12
What is the greatest common factor of 44 and 1276?
44
What is the highest common factor of 24 and 5418?
6
Calculate the greatest common divisor of 124 and 6.
2
Calculate the greatest common factor of 306 and 9027.
153
What is the greatest common divisor of 21573 and 235?
47
What is the greatest common factor of 87 and 31088?
29
What is the highest common divisor of 52 and 20?
4
What is the highest common factor of 180 and 1584?
36
Calculate the greatest common factor of 1661 and 154.
11
Calculate the greatest common factor of 34 and 17.
17
Calculate the highest common divisor of 142 and 355.
71
What is the highest common divisor of 1357 and 713?
23
What is the highest common divisor of 6 and 243?
3
Calculate the greatest common divisor of 55 and 880.
55
Calculate the highest common divisor of 17 and 34.
17
Calculate the greatest common factor of 686 and 539.
49
Calculate the greatest common factor of 9 and 549.
9
What is the greatest common factor of 1241 and 365?
73
Calculate the highest common factor of 132 and 297.
33
Calculate the greatest common divisor of 42 and 77.
7
What is the highest common factor of 65 and 325?
65
Calculate the greatest common factor of 180 and 405.
45
What is the highest common factor of 2160 and 4590?
270
Calculate the greatest common divisor of 1425 and 19.
19
What is the greatest common factor of 52 and 3484?
52
Calculate the greatest common factor of 5658 and 23.
23
What is the highest common factor of 211 and 6330?
211
Calculate the greatest common factor of 39 and 52.
13
Calculate the greatest common divisor of 4 and 1756.
4
Calculate the greatest common divisor of 66 and 11154.
66
Calculate the greatest common factor of 667 and 115.
23
Calculate the highest common divisor of 16 and 512.
16
Calculate the greatest common factor of 58 and 1769.
29
What is the greatest common factor of 174 and 1131?
87
Calculate the greatest common factor of 165 and 55.
55
Calculate the highest common divisor of 2144 and 384.
32
Calculate the greatest common factor of 18 and 99.
9
What is the highest common divisor of 12 and 4620?
12
What is the highest common factor of 6 and 114?
6
What is the greatest common divisor of 399 and 171?
57
Calculate the highest common divisor of 312 and 72.
24
Calculate the greatest common divisor of 82 and 451.
41
Calculate the highest common div